False
Suppose 14*a - 2299 = 1411. Is a a composite number?
True
Suppose 0 = j + l + l - 492, -5*j = -3*l - 2473. Let g = 11 + j. Is g composite?
True
Suppose 1482 = -7*g + 13*g. Is g prime?
False
Suppose 0 = w + 17 + 33. Let z be w/(-6) + 7/(-21). Is z/(-20) - (-254)/10 a prime number?
False
Suppose -4*i - 166 = -3426. Suppose 5*d - i = -0*d. Is d composite?
False
Suppose 0 = -d - a - 1, 5*d + 2*a = -a + 5. Suppose -3*q = x - 22, -d*x + 79 = 2*q + q. Is x a composite number?
False
Suppose j = 2*j + 2, -5*z + 21 = 2*j. Let d be (z/(-2))/(4/(-8)). Is (-573)/(-5) + 2/d prime?
False
Let r(t) = -52*t**3 - 13*t**2 - 6*t - 1. Let d(l) = -35*l**3 - 9*l**2 - 4*l - 1. Let p(z) = -7*d(z) + 5*r(z). Is p(-2) composite?
True
Let m(b) = 106*b**3. Let a be m(1). Let u = 1 - -4. Suppose 0*d - a = -3*c + d, -u*d = 2*c - 65. Is c a prime number?
False
Is (-2)/(-16) - (-875358)/144 prime?
True
Let p be -3 - (-2 + (-3 - -4)). Let d be (7 - (-2 - -2)) + p. Suppose -84 = -d*i + 46. Is i composite?
True
Suppose -10*o = -11474 - 31336. Is o a composite number?
True
Suppose -2*o = -10, 5*p - 2*o - 2683 = -1018. Is p composite?
True
Suppose c + 997 = 2*q, 0*c - 2*c = -3*q + 1497. Is q prime?
False
Let v = 570 - -131. Is v composite?
False
Let i(b) = b + 10. Let z be i(-7). Suppose -619 = -5*g + 4*w, 0 = 3*g - z*w - w - 365. Is g composite?
False
Suppose -5*i + i = -176. Let y = 5 + i. Let w = 4 + y. Is w composite?
False
Suppose 3*p - 2*p - 2861 = 0. Is p prime?
True
Let m = -11 + 156. Is m prime?
False
Is (-58)/(3*(-60)/(-99) + -2) a prime number?
False
Let v(t) = 90*t. Let j be v(1). Suppose 44 = r - g, -6*r + 4*r + j = -g. Is r composite?
True
Suppose 0*i - 2 = 4*w - 2*i, -3*i + 15 = 0. Let l be (w + (-3)/2)*8. Suppose 3*u = 2*u + 5*j + 33, -2*j - 96 = -l*u. Is u prime?
True
Suppose -90 = o - 304. Is o composite?
True
Let p(h) = h**2 + 12*h + 14. Let g be p(-11). Suppose -n = g*n - 236. Is n a prime number?
True
Suppose -k - 2*x = -5*k + 404, 3*k - 303 = -2*x. Suppose -28 = -3*s + k. Is s a prime number?
True
Let q be (1 - (2 - 1))/2. Suppose -4*i + 4 = q, i + 0*i + 634 = 5*y. Is y a prime number?
True
Is 1/(-1 - -2) + 114 a prime number?
False
Let l(k) = -k**2 + 2*k**2 + 5*k**3 - 19*k**3. Is l(-1) a composite number?
True
Is (-1 + (-193)/(-2))/(1/2) a composite number?
False
Let o(g) = 2*g - 18. Let p be o(-7). Let m = 194 + -129. Let l = p + m. Is l a prime number?
False
Let l(t) = t**2 + 5*t + 12. Is l(-7) a prime number?
False
Suppose -3*s + 586 = -s. Is s a composite number?
False
Suppose b - 6*b + 635 = 0. Is b a composite number?
False
Suppose 0 = u - 3*u - 4. Is (0 - u)/(-1) - -39 a prime number?
True
Let o = 324 - -5. Is o a composite number?
True
Let o(c) = -c + 3*c - 2 - c**3 - 3 - 3*c**2. Let a be (2 + -1)*(-3 + -1). Is o(a) a composite number?
False
Let z(f) be the third derivative of -f**6/30 - f**5/30 - f**4/8 - f**2. Let g be z(-2). Suppose 0 = 5*n - g - 5. Is n prime?
True
Is (-3731)/(-7)*(-1)/(-1) a composite number?
True
Let b(o) = -4*o**3 + o**2 + o + 1. Let m be b(-1). Suppose -m*u - 4*y = -421, 4*u - 341 = -y + 2*y. Is u prime?
False
Is (-4)/(-4)*(2 - -111) a prime number?
True
Suppose -3*f - 819 - 864 = 0. Let b = -263 - f. Is b a composite number?
True
Let l(n) = 25*n - 9. Is l(7) prime?
False
Suppose 0 = 8*a + a - 24615. Is a composite?
True
Suppose -605 = -4*k + 879. Is k a prime number?
False
Suppose 0 = -3*q + 5 + 1. Let z(w) be the first derivative of 3*w**3 - w**2 + 3*w - 2. Is z(q) prime?
False
Is (9/15)/(0 - 3/(-3435)) composite?
True
Let z = -13 - -16. Suppose 4*g - 5*g + 368 = z*y, -5*y + 613 = 2*g. Is y prime?
False
Let q(k) = 4*k**2 + 49*k - 15. Is q(-14) prime?
True
Suppose 2*v = -0*v + 10. Let n(k) = 2*k**3 - 8*k**2 + 4*k - 1. Let x be n(v). Suppose 3*j = 4*j - x. Is j composite?
True
Let x = -46 + 25. Let f = x + 42. Is f prime?
False
Suppose 4*r = 5*h - 335, 3*r = 8*r + 2*h + 394. Let c = r - -3. Let a = 114 + c. Is a composite?
False
Let h = 210 + -116. Is h composite?
True
Suppose 0 = 5*s + 339 - 5614. Is s a composite number?
True
Let x(j) = 2*j**3 - 12*j**2 - 14*j + 23. Is x(10) prime?
True
Suppose -10*q + 1613 + 17 = 0. Is q a prime number?
True
Suppose -132 = -2*m - 0*m. Suppose 2*t - 276 - m = 0. Suppose -2*w + 3*c + t = 43, -c + 337 = 5*w. Is w a prime number?
True
Let q = 8 + -6. Let w = q + 3. Suppose -5*r - w*z = -55, 0 = -2*z - 0 + 2. Is r composite?
True
Suppose -5*w = -9*w + 564. Is w composite?
True
Suppose 4*l - 5189 + 1905 = 0. Is l composite?
False
Let d = 4436 - -6579. Is d a prime number?
False
Let f be (-1)/6 - (0 + 668/24). Let z(h) = 2*h**3 + 2*h**2 + 5*h + 6. Let s be z(-4). Let m = f - s. Is m a prime number?
False
Is 2/3 - ((-10382)/6 + 0) a prime number?
False
Suppose -y + 2*n + 211 = 0, 0 = n - 3 - 0. Is y prime?
False
Let r = -60 + 1679. Is r a prime number?
True
Let y = 138 - 94. Suppose 3*r - 3 = z - 10, y = 4*z - 4*r. Is z composite?
False
Suppose 0 = -3*w + 529 + 752. Is w a prime number?
False
Let a(f) = -2 + 12*f - 3 - 4 + 12. Is a(3) prime?
False
Suppose 2*u + 4009 = 3*r, 4*r + 0*u + 5*u = 5353. Is r a composite number?
True
Let o = 12 - 16. Is 248 + (o - -3) + 0 prime?
False
Suppose b + 2 = -0*b. Is 138 - (b - 1)/3 prime?
True
Let o = 11 + 36. Is o a prime number?
True
Suppose 4*j + 14 = 4*w + j, 4*j - 28 = -4*w. Let o be 3/12 + 11/4. Suppose -o*b - 78 = -w*b. Is b prime?
False
Let a = -151 - -262. Is a a prime number?
False
Let f = 34 + -18. Suppose -4*c + f = 4*o, o - 2*c + 0 = 4. Is 3/6 + 210/o a prime number?
True
Let m = -164 - -427. Is m prime?
True
Let s be ((-2580)/18)/((-4)/6). Suppose v - s = -4*v. Is v a prime number?
True
Suppose 0 = 3*b - 15, 2*b = d - 0*d - 76. Is d prime?
False
Let b(w) = -106*w**3 + w**2 - 3*w - 5. Is b(-2) prime?
True
Let v(p) = 192*p + 29. Is v(4) prime?
True
Let t(u) be the first derivative of 5*u**4/4 - u**3 + 3*u**2/2 - 3*u - 2. Is t(2) a prime number?
True
Let z = 2 + 1. Suppose 0 = z*m - 220 + 61. Is m composite?
False
Suppose -15 = 3*y, -4*l - 4*y = -279 + 807. Let i = -252 - l. Let w = 176 + i. Is w composite?
True
Let s(v) be the third derivative of v**8/20160 - v**7/630 + v**6/360 - v**5/60 - 2*v**2. Let z(q) be the third derivative of s(q). Is z(9) a prime number?
True
Let b(t) = 5*t**3 + 30*t**2 + 5*t + 5. Let n(c) = -3*c**3 - 20*c**2 - 3*c - 3. Let g(d) = 5*b(d) + 8*n(d). Is g(11) a composite number?
True
Let i = 550 - 128. Is i a prime number?
False
Suppose 0 = j - 0*j - 25. Suppose 3*r + 5 - 20 = 0. Suppose -r*b + 30 = -j. Is b a composite number?
False
Let b = -105 - -218. Let d = b + -48. Is d composite?
True
Let y(p) = -p**3 + 7*p**2 - 7*p + 5. Let q be y(6). Let i be 2*3*q/(-2). Is 0/2 - (-93)/i prime?
True
Suppose -b + 5105 = -2*n + 6*n, -2548 = -2*n - 2*b. Is n composite?
False
Let d = -3 + 5. Let v be (-1)/(2/(-388)*d). Suppose -4*f = i - v, 2*f = -4*i + 3*i + 93. Is i prime?
True
Let z(h) = -204*h - 5. Is z(-2) composite?
True
Let h(b) = -b**2 + b + 1. Let n be h(-2). Let f(t) = -t**3 - 3*t**2 + 5. Is f(n) a composite number?
True
Suppose -2*a = -1385 - 151. Let z = -370 + a. Is z a composite number?
True
Suppose -2 = -2*b, 3*d - b = -8 + 25. Let v(l) = l + l - l + d*l**2. Is v(-2) a composite number?
True
Suppose -1 = -5*o - 11. Is (-3)/(6/o) - -190 prime?
True
Let p = -24 + 43. Let t = 163 + p. Suppose 0 = 4*f - t + 26. Is f a composite number?
True
Let b be 2*(-2 + 0 + 4). Let i(y) = 29*y + 15. Let o(k) = -14*k - 7. Let m(p) = -2*i(p) - 5*o(p). Is m(b) composite?
False
Suppose 5*p - 5 + 15 = 0. Let n(l) = 39*l**3 + l**2 - 2*l + 1. Let g be n(1). Is g + 0*p/6 a composite number?
True
Suppose 0 = 3*i - 4*v - 717, -2*i = -4*i - 4*v + 458. Is i composite?
True
Let h(q) = -q**2 + 9*q + 4. Let l(o) = o**2 - 10*o - 3. Let s(p) = -4*h(p) - 3*l(p). Let m be -4*(3 - (-6)/(-4)). Is s(m) composite?
True
Is -1 + (17270/77 - (-4)/(-14)) prime?
True
Suppose -4*f - 6*a = -2*a, -f - 4*a = 12. Suppose -44 = -f*i + 4*g, 3*i + 4*g = 2 + 10. Suppose 186 = 2*o + i. Is o a composite number?
False
Let m = -37 - -55. Suppose m - 318 = -3*o. Suppose 0 = -r + o - 21. Is r composite?
False
Let k(w) = 21*w + 1. Let j be k(3). Suppose 4*z - 188 + j = 0. Is z prime?
True
Let c = 6 + -3. Let n be 8/(-1)*(-69)/4. Suppose 163 = 5*r + w, -5*r + c*w + n = -r. Is 